 digit of 574?
7
What is the ten thousands digit of 19157?
1
What is the hundreds digit of 1020?
0
What is the units digit of 48?
8
What is the hundreds digit of 4846?
8
What is the tens digit of 30334?
3
What is the hundreds digit of 1208?
2
What is the ten thousands digit of 39770?
3
What is the thousands digit of 28917?
8
What is the units digit of 35266?
6
What is the tens digit of 4534?
3
What is the tens digit of 127796?
9
What is the hundreds digit of 3403?
4
What is the hundreds digit of 7004?
0
What is the tens digit of 399?
9
What is the units digit of 29583?
3
What is the thousands digit of 145788?
5
What is the units digit of 3336?
6
What is the units digit of 2246?
6
What is the units digit of 663?
3
What is the ten thousands digit of 11738?
1
What is the tens digit of 7955?
5
What is the hundreds digit of 151504?
5
What is the ten thousands digit of 33738?
3
What is the hundreds digit of 673?
6
What is the units digit of 33239?
9
What is the ten thousands digit of 19714?
1
What is the hundreds digit of 5085?
0
What is the tens digit of 154723?
2
What is the hundreds digit of 1868?
8
What is the hundreds digit of 19440?
4
What is the thousands digit of 2560?
2
What is the units digit of 1209?
9
What is the tens digit of 8247?
4
What is the hundreds digit of 32000?
0
What is the tens digit of 2919?
1
What is the thousands digit of 21481?
1
What is the hundreds digit of 1265?
2
What is the hundreds digit of 35580?
5
What is the units digit of 128897?
7
What is the thousands digit of 2010?
2
What is the hundreds digit of 2737?
7
What is the thousands digit of 5119?
5
What is the thousands digit of 10672?
0
What is the units digit of 50970?
0
What is the thousands digit of 3548?
3
What is the units digit of 534?
4
What is the tens digit of 423?
2
What is the hundreds digit of 2663?
6
What is the units digit of 54?
4
What is the tens digit of 926?
2
What is the tens digit of 72367?
6
What is the ten thousands digit of 67271?
6
What is the hundreds digit of 1097?
0
What is the units digit of 4369?
9
What is the units digit of 18643?
3
What is the tens digit of 187?
8
What is the tens digit of 8085?
8
What is the hundreds digit of 322?
3
What is the tens digit of 104?
0
What is the units digit of 33928?
8
What is the tens digit of 713?
1
What is the ten thousands digit of 38132?
3
What is the thousands digit of 4044?
4
What is the hundreds digit of 4099?
0
What is the ten thousands digit of 57204?
5
What is the tens digit of 1388?
8
What is the hundreds digit of 575?
5
What is the thousands digit of 7874?
7
What is the thousands digit of 41244?
1
What is the ten thousands digit of 12529?
1
What is the units digit of 9336?
6
What is the thousands digit of 9399?
9
What is the hundreds digit of 1511?
5
What is the tens digit of 2361?
6
What is the units digit of 4936?
6
What is the hundreds digit of 1963?
9
What is the thousands digit of 7877?
7
What is the tens digit of 2511?
1
What is the hundreds digit of 1103?
1
What is the units digit of 718?
8
What is the hundred thousands digit of 172043?
1
What is the thousands digit of 75050?
5
What is the thousands digit of 21160?
1
What is the units digit of 17509?
9
What is the tens digit of 639?
3
What is the tens digit of 45689?
8
What is the tens digit of 19848?
4
What is the units digit of 1381?
1
What is the tens digit of 15328?
2
What is the hundreds digit of 893?
8
What is the ten thousands digit of 60622?
6
What is the units digit of 2758?
8
What is the thousands digit of 15687?
5
What is the thousands digit of 5317?
5
What is the hundreds digit of 2170?
1
What is the units digit of 6806?
6
What is the tens digit of 870?
7
What is the hundreds digit of 26852?
8
What is the units digit of 157870?
0
What is the thousands digit of 19342?
9
What is the units digit of 114971?
1
What is the tens digit of 110743?
4
What is the thousands digit of 19097?
9
What is the thousands digit of 1179?
1
What is the hundreds digit of 1468?
4
What is the units digit of 7036?
6
What is the units digit of 11720?
0
What is the tens digit of 5280?
8
What is the hundreds digit of 3249?
2
What is the thousands digit of 2719?
2
What is the tens digit of 16877?
7
What is the tens digit of 15582?
8
What is the hundreds digit of 9948?
9
What is the ten thousands digit of 38986?
3
What is the hundreds digit of 620?
6
What is the hundreds digit of 13232?
2
What is the tens digit of 894?
9
What is the hundreds digit of 28789?
7
What is the hundreds digit of 2133?
1
What is the thousands digit of 1770?
1
What is the tens digit of 209?
0
What is the units digit of 1069?
9
What is the ten thousands digit of 78990?
7
What is the units digit of 7054?
4
What is the hundreds digit of 448?
4
What is the hundreds digit of 1748?
7
What is the hundreds digit of 4984?
9
What is the units digit of 298?
8
What is the units digit of 13168?
8
What is the thousands digit of 2930?
2
What is the tens digit of 14399?
9
What is the thousands digit of 128523?
8
What is the units digit of 218?
8
What is the thousands digit of 1773?
1
What is the tens digit of 76746?
4
What is the ten thousands digit of 36071?
3
What is the hundreds digit of 5950?
9
What is the thousands digit of 4686?
4
What is the thousands digit of 2026?
2
What is the tens digit of 1419?
1
What is the tens digit of 1491?
9
What is the tens digit of 606?
0
What is the units digit of 592?
2
What is the tens digit of 6612?
1
What is the hundreds digit of 3086?
0
What is the thousands digit of 63089?
3
What is the thousands digit of 2306?
2
What is the hundreds digit of 998?
9
What is the units digit of 163?
3
What is the tens digit of 26488?
8
What is the hundreds digit of 1355?
3
What is the thousands digit of 7099?
7
What is the hundreds digit of 12564?
5
What is the tens digit of 26291?
9
What is the tens digit of 895?
9
What is the units digit of 8365?
5
What is the hundreds digit of 587?
5
What is the tens digit of 28?
2
What is the units digit of 1556?
6
What is the ten thousands digit of 23425?
2
What is the thousands digit of 18166?
8
What is the units digit of 181?
1
What is the tens digit of 35317?
1
What is the thousands digit of 24366?
4
What is the units digit of 21639?
9
What is the tens digit of 1694?
9
What is the hundreds digit of 34901?
9
What is the ten thousands digit of 55496?
5
What is the units digit of 93?
3
What is the tens digit of 2021?
2
What is the tens digit of 25408?
0
What is the hundreds digit of 60022?
0
What is the tens digit of 595?
9
What is the thousands digit of 7929?
7
What is the hundreds digit of 136?
1
What is the tens digit of 309?
0
What is the units digit of 218?
8
What is the tens digit of 6445?
4
What is the thousands digit of 148554?
8
What is the units digit of 1351?
1
What is the tens digit of 334?
3
What is the hundreds digit of 1789?
7
What is the hundreds digit of 1515?
5
What is the units digit of 557?
7
What is the ten thousands digit of 19116?
1
What is the thousands digit of 3270?
3
What is the thousands digit of 28506?
8
What is the units digit of 415?
5
What is the units digit of 531?
1
What is the tens digit of 11376?
7
What is the tens digit of 29052?
5
What is the units digit of 1983?
3
What is the tens digit of 9606?
0
What is the tens digit of 9329?
2
What is the thousands digit of 13813?
3
What is the hundreds digit of 13003?
0
What is the ten thousands digit of 14089?
1
What is the thousands digit of 22956?
2
What is the thousands digit of 109834?
9
What is the tens digit of 6254?
5
What is the tens digit of 21170?
7
What is the tens digit of 1128?
2
What is the units digit of 1142?
2
What is the thousands digit of 11971?
1
What is the hundreds digit of 15827?
8
What is the units digit of 1530?
0
What is the hundreds digit of 298?
2
What is the hundreds digit of 16136?
1
What is the ten thousands digit of 20414?
2
What is the hundreds digit of 54835?
8
What is the hundreds digit of 517?
5
What is the thousands digit of 8004?
8
What is the tens digit of 737?
3
What is the hundreds digit of 1015?
0
What is the units digit of 4070?
0
What is the thousands digit of 121152?
1
What is the hundreds digit of 570?
5
What is the units digit of 938?
8
What is the hundreds digit of 3779?
7
What is the units digit of 6